{"id":23,"date":"2025-10-22T23:15:16","date_gmt":"2025-10-22T23:15:16","guid":{"rendered":"https:\/\/pedacitodecielo.com.ar\/bienvenidos\/?page_id=23"},"modified":"2025-10-23T18:50:59","modified_gmt":"2025-10-23T18:50:59","slug":"nos-acompanan","status":"publish","type":"page","link":"https:\/\/pedacitodecielo.com.ar\/bienvenidos\/nos-acompanan\/","title":{"rendered":"Nos Acompa\u00f1an"},"content":{"rendered":"<div class=\"wpb-content-wrapper\"><p>[vc_row][vc_column][vc_empty_space height=\u00bb52px\u00bb][napoli_about title=\u00bbCasa 1&#8243; image=\u00bb90&#8243;]En abril 2025 despu\u00e9s de haber cumplido 1 a\u00f1o como Hogar , pudimos abrir nuestra segunda casa a media cuadra de la otra !!!! y as\u00ed separamos los nenes de las nenas alojando 24 ni\u00f1os en total ,en la casa de las nenas tenemos 15 y la.de los varoncitos 9<br \/>\nLas edades que actualmente manejamos es de 4 a 12 a\u00f1os<br \/>\nTenemos grupos de hermanitos[\/napoli_about][vc_empty_space height=\u00bb52px\u00bb][napoli_about title=\u00bbCasa 2&#8243; image=\u00bb90&#8243;]En abril 2025 despu\u00e9s de haber cumplido 1 a\u00f1o como Hogar , pudimos abrir nuestra segunda casa a media cuadra de la otra !!!! y as\u00ed separamos los nenes de las nenas alojando 24 ni\u00f1os en total ,en la casa de las nenas tenemos 15 y la.de los varoncitos 9<br \/>\nLas edades que actualmente manejamos es de 4 a 12 a\u00f1os<br \/>\nTenemos grupos de hermanitos[\/napoli_about][vc_empty_space height=\u00bb52px\u00bb][\/vc_column][\/vc_row]<\/p>\n<\/div>","protected":false},"excerpt":{"rendered":"<p>[vc_row][vc_column][vc_empty_space height=\u00bb52px\u00bb][napoli_about title=\u00bbCasa 1&#8243; image=\u00bb90&#8243;]En abril 2025 despu\u00e9s de haber cumplido 1 a\u00f1o como Hogar , pudimos abrir nuestra segunda casa a media cuadra de la otra !!!! y as\u00ed separamos los nenes de las nenas alojando 24 ni\u00f1os en total ,en la casa de las nenas tenemos 15 y la.de los varoncitos 9 Las [&hellip;]<\/p>\n","protected":false},"author":2,"featured_media":0,"parent":0,"menu_order":0,"comment_status":"closed","ping_status":"closed","template":"","meta":{"footnotes":""},"class_list":["post-23","page","type-page","status-publish","hentry"],"_links":{"self":[{"href":"https:\/\/pedacitodecielo.com.ar\/bienvenidos\/wp-json\/wp\/v2\/pages\/23","targetHints":{"allow":["GET"]}}],"collection":[{"href":"https:\/\/pedacitodecielo.com.ar\/bienvenidos\/wp-json\/wp\/v2\/pages"}],"about":[{"href":"https:\/\/pedacitodecielo.com.ar\/bienvenidos\/wp-json\/wp\/v2\/types\/page"}],"author":[{"embeddable":true,"href":"https:\/\/pedacitodecielo.com.ar\/bienvenidos\/wp-json\/wp\/v2\/users\/2"}],"replies":[{"embeddable":true,"href":"https:\/\/pedacitodecielo.com.ar\/bienvenidos\/wp-json\/wp\/v2\/comments?post=23"}],"version-history":[{"count":4,"href":"https:\/\/pedacitodecielo.com.ar\/bienvenidos\/wp-json\/wp\/v2\/pages\/23\/revisions"}],"predecessor-version":[{"id":294,"href":"https:\/\/pedacitodecielo.com.ar\/bienvenidos\/wp-json\/wp\/v2\/pages\/23\/revisions\/294"}],"wp:attachment":[{"href":"https:\/\/pedacitodecielo.com.ar\/bienvenidos\/wp-json\/wp\/v2\/media?parent=23"}],"curies":[{"name":"wp","href":"https:\/\/api.w.org\/{rel}","templated":true}]}}